re the prime factors of 967307?
11, 47, 1871
List the prime factors of 2023317.
3, 224813
What are the prime factors of 612116?
2, 137, 1117
What are the prime factors of 1655843?
7, 236549
List the prime factors of 119382.
2, 3, 101, 197
List the prime factors of 13345145.
5, 11, 242639
List the prime factors of 581292.
2, 3, 67, 241
What are the prime factors of 7900132?
2, 23, 43, 1997
List the prime factors of 838881.
3, 83, 1123
List the prime factors of 11698197.
3, 7, 557057
What are the prime factors of 326814?
2, 3, 54469
List the prime factors of 2996874.
2, 3, 331, 503
List the prime factors of 22269480.
2, 3, 5, 151, 1229
List the prime factors of 23863943.
19, 1255997
List the prime factors of 352175.
5, 14087
What are the prime factors of 76293?
3, 7, 173
What are the prime factors of 121068?
2, 3, 19, 59
What are the prime factors of 8168806?
2, 17, 240259
What are the prime factors of 3042601?
23, 132287
List the prime factors of 101387.
11, 13, 709
What are the prime factors of 519818?
2, 13, 19993
What are the prime factors of 187767?
3, 31, 673
List the prime factors of 1613249.
11, 17, 8627
List the prime factors of 968535.
3, 5, 21523
What are the prime factors of 3468955?
5, 7, 14159
List the prime factors of 278577.
3, 13, 2381
What are the prime factors of 288054?
2, 3, 13, 1231
What are the prime factors of 2132307?
3, 23, 10301
List the prime factors of 487963.
7, 69709
What are the prime factors of 140986?
2, 157, 449
List the prime factors of 463755.
3, 5, 43, 719
List the prime factors of 172204.
2, 43051
What are the prime factors of 6909312?
2, 3, 19, 947
What are the prime factors of 35185344?
2, 3, 401, 457
List the prime factors of 351409.
127, 2767
List the prime factors of 250018.
2, 41, 3049
What are the prime factors of 1439011?
7, 241, 853
List the prime factors of 235114.
2, 11, 10687
List the prime factors of 537933.
3, 11, 16301
List the prime factors of 359245.
5, 71849
What are the prime factors of 91058?
2, 11, 4139
What are the prime factors of 272846?
2, 7, 19489
What are the prime factors of 633131?
17, 37243
What are the prime factors of 11158207?
2251, 4957
List the prime factors of 8054890.
2, 5, 607, 1327
What are the prime factors of 331344?
2, 3, 13, 59
List the prime factors of 5198437.
23, 79, 2861
What are the prime factors of 174166?
2, 87083
List the prime factors of 1169428.
2, 13, 43, 523
List the prime factors of 7944750.
2, 3, 5, 11, 107
What are the prime factors of 3189436?
2, 797359
List the prime factors of 181051.
13, 19, 733
What are the prime factors of 388440?
2, 3, 5, 13, 83
List the prime factors of 548826.
2, 3, 23, 41, 97
List the prime factors of 5260400.
2, 5, 13151
What are the prime factors of 507128?
2, 63391
List the prime factors of 6211078.
2, 3105539
What are the prime factors of 2376893?
41, 57973
List the prime factors of 1195367.
397, 3011
List the prime factors of 754766.
2, 17, 79, 281
What are the prime factors of 29736217?
7, 23, 191, 967
What are the prime factors of 8028274?
2, 4014137
List the prime factors of 31808921.
17, 1871113
What are the prime factors of 1773263?
29, 47, 1301
List the prime factors of 45661.
7, 11, 593
What are the prime factors of 480578?
2, 7, 34327
List the prime factors of 18041537.
181, 263, 379
List the prime factors of 127847.
173, 739
List the prime factors of 61487.
61487
List the prime factors of 8070133.
8070133
List the prime factors of 9478311.
3, 3159437
What are the prime factors of 19497?
3, 67, 97
What are the prime factors of 4365389?
7, 31, 20117
List the prime factors of 3376488.
2, 3, 269, 523
List the prime factors of 10564677.
3, 1173853
What are the prime factors of 8593916?
2, 37, 58067
What are the prime factors of 3626057?
113, 32089
List the prime factors of 191003.
409, 467
What are the prime factors of 3038231?
7, 23, 113, 167
List the prime factors of 28431.
3, 13
List the prime factors of 22249030.
2, 5, 103, 21601
List the prime factors of 208786.
2, 104393
What are the prime factors of 1897688?
2, 13, 71, 257
List the prime factors of 380821.
7, 54403
List the prime factors of 347460.
2, 3, 5, 5791
List the prime factors of 5145061.
5145061
What are the prime factors of 15287872?
2, 29, 8237
What are the prime factors of 1974401?
11, 13, 13807
What are the prime factors of 378190?
2, 5, 59, 641
List the prime factors of 17310200.
2, 5, 41, 2111
What are the prime factors of 183999?
3, 61333
List the prime factors of 15969011.
15969011
What are the prime factors of 246718?
2, 281, 439
What are the prime factors of 27623229?
3, 53, 67, 2593
What are the prime factors of 1541254?
2, 11, 13, 17, 317
List the prime factors of 161397.
3, 79, 227
What are the prime factors of 253059?
3, 67, 1259
List the prime factors of 337586.
2, 17, 9929
List the prime factors of 3049600.
2, 5, 953
What are the prime factors of 753034?
2, 47, 8011
What are the prime factors of 619443?
3, 11, 6257
List the prime factors of 473991.
3, 7, 22571
List the prime factors of 1854189.
3, 206021
What are the prime factors of 1784407?
467, 3821
What are the prime factors of 5238381?
3, 1746127
What are the prime factors of 3300435?
3, 5, 71, 1033
List the prime factors of 5429668.
2, 19, 71443
What are the prime factors of 744564?
2, 3, 62047
List the prime factors of 81312.
2, 3, 7, 11
What are the prime factors of 2060555?
5, 7, 113, 521
List the prime factors of 203423.
11, 18493
List the prime factors of 2141523.
3, 37, 59, 109
What are the prime factors of 26026953?
3, 8675651
What are the prime factors of 2802529?
1033, 2713
What are the prime factors of 3220073?
29, 37, 3001
List the prime factors of 925731.
3, 102859
List the prime factors of 6374.
2, 3187
List the prime factors of 2811720.
2, 3, 5, 23431
What are the prime factors of 282141?
3, 23, 29, 47
List the prime factors of 11510451.
3, 139, 3067
What are the prime factors of 3285553?
241, 13633
List the prime factors of 953231.
37, 25763
List the prime factors of 5539643.
431, 12853
What are the prime factors of 1921504?
2, 13, 31, 149
What are the prime factors of 11958613?
11958613
What are the prime factors of 30016204?
2, 7504051
List the prime factors of 6120182.
2, 67, 45673
List the prime factors of 6693266.
2, 3346633
List the prime factors of 305576.
2, 38197
What are the prime factors of 457313?
229, 1997
What are the prime factors of 2635674?
2, 3, 439279
List the prime factors of 35257953.
3, 1571, 7481
List the prime factors of 21131418.
2, 3, 7, 11, 53, 863
List the prime factors of 43035.
3, 5, 19, 151
What are the prime factors of 3730214?
2, 1865107
What are the prime factors of 4281726?
2, 3, 19, 23, 71
List the prime factors of 172365.
3, 5, 11491
List the prime factors of 27001619.
229, 117911
List the prime factors of 22163465.
5, 4432693
What are the prime factors of 3872907?
3, 191, 751
List the prime factors of 53174.
2, 11, 2417
What are the prime factors of 121617?
3, 13513
List the prime factors of 20063925.
3, 5, 7, 12739
What are the prime factors of 86147?
277, 311
What are the prime factors of 2001103?
13, 59, 2609
List the prime factors of 5863923.
3, 13, 50119
List the prime factors of 1750383.
3, 241, 269
List the prime factors of 16612500.
2, 3, 5, 443
List the prime factors of 1677942.
2, 3, 7, 23, 193
List the prime factors of 481879.
481879
What are the prime factors of 1487184?
2, 3, 30983
What are the prime factors of 17842754?
2, 8921377
List the prime factors of 172619.
172619
What are the prime factors of 53936?
2, 3371
List the prime factors of 2689.
2689
List the prime factors of 5144304.
2, 3, 11, 9743
List the prime factors of 884689.
13, 68053
List the prime factors of 2047378.
2, 17, 60217
List the prime factors of 1850287.
29, 63803
List the prime factors of 1456056.
2, 3, 7, 107
List the prime factors of 315919.
61, 5179
What are the prime factors of 23458873?
23, 877, 1163
What are the prime factors of 373875?
3, 5, 997
List the prime factors of 3842738.
2, 43, 44683
List the prime factors of 8853856.
2, 11, 25153
List the prime factors of 1578149.
733, 2153
What are the prime factors of 136955?
5, 7, 13, 43
What are the prime factors of 875577?
3, 19, 15361
What are the prime factors of 6361436?
2, 241